86 and x?
86
Suppose 0 = 5*r - 3*s + 245 - 75, -r = 5*s + 6. Let x(c) = 2*c**2 - 8*c - 5. Let p be x(7). Let t = p + r. What is the highest common divisor of t and 9?
3
Let t = -97 + 562. What is the greatest common divisor of 15 and t?
15
Suppose 0 = -l, l - 6 = -2*d + 2. Suppose -d*k + 312 = -108. What is the greatest common factor of k and 42?
21
Suppose 5*a + 1664 = 5*z + 124, -5*z + 3*a + 1532 = 0. What is the greatest common factor of z and 32?
16
Let t(i) = 34*i**2 + 53*i + 102. Let g be t(-2). What is the greatest common divisor of 165 and g?
33
Let k(q) = 17*q + 37. Let n be k(13). Calculate the greatest common factor of 18 and n.
6
Let j be (0 - 14)*(14 - (-132)/(-8)). Calculate the greatest common factor of 245 and j.
35
Let h(d) = -5*d + 74. Let x be h(-30). What is the highest common divisor of 84 and x?
28
Let q(j) = j**2 + 21*j + 9. Let r be q(-12). Let i = r + 219. What is the highest common divisor of 15 and i?
15
Let w be 0 + (8 - (-5 - -7)). What is the highest common factor of w and 198?
6
Suppose -2*t = -i + 7 + 16, 0 = 3*t + 3*i + 12. Let u be t*5*(-1 - 0). Let o be (-335)/(-20) - (-60)/48. What is the greatest common divisor of o and u?
9
Let f = 4 - -15. Suppose -3*g - 2*x + 1378 = 0, 290 + 607 = 2*g - 3*x. Suppose -a = -5*a + g. What is the greatest common divisor of a and f?
19
Let p be 2/8*-2 - 18/(-4). Suppose -2*n + p*n - 60 = 0. Calculate the highest common factor of n and 105.
15
Let g = -319 + 337. Calculate the highest common divisor of 117 and g.
9
Let w(s) = -s**3 + 2*s**2 + 4*s - 4. Let t be w(3). Let n be (-2 - t)*35*-1. Calculate the highest common divisor of 14 and n.
7
Let g(h) = h**3 + 5*h**2 - 8*h - 8. Let l be g(-6). Suppose 21 = l*j - 23. Calculate the highest common divisor of 22 and j.
11
Let i be -3 + 0 - -7 - 2. Suppose 93 = 5*m + o, -57 = -4*m - i*o + 15. Suppose -7*c + 4*c + 57 = 0. What is the highest common factor of m and c?
19
Let a be 59 - 9/((-9)/(-5)). What is the greatest common divisor of 126 and a?
18
Let g(w) = -14*w - 3. Let x be g(-3). Suppose -8*r = -4*r - 2*v - 44, -42 = -2*r - 4*v. Calculate the greatest common divisor of x and r.
13
Suppose -153*v - 1785 = -158*v. Calculate the highest common divisor of v and 21.
21
Suppose 12*p - 13*p = -5. Let r(g) = 24*g - 40. Let w be r(p). What is the highest common factor of 10 and w?
10
Let f be (-732)/(-16) - 3/4. Let b be (f/(-6))/((-3)/54). Suppose 32 + 31 = 5*i - 3*n, 4*i + 5*n = 80. What is the greatest common factor of i and b?
15
Let y(g) = g**2 - 25. Let p be y(-10). Let j = 4 + -7. Let c be (-5)/(j/(-18)*-2). What is the greatest common divisor of p and c?
15
Let c = 18 + 12. Suppose 0 = 8*w - 103 - 17. What is the highest common factor of w and c?
15
Suppose -13*b = 6915 - 20071. Calculate the greatest common factor of 92 and b.
92
Let x be (-391)/(-11) - (-210)/(-385). Calculate the greatest common divisor of x and 10.
5
Suppose 23442 = -26*u + 90522. What is the highest common divisor of 60 and u?
60
Let h = 3083 - 2462. Calculate the greatest common factor of h and 138.
69
Suppose 0 = 4*w - 2*a - 78, 0 = -5*w + 4*a - 24 + 114. What is the highest common divisor of w and 11?
11
Let z be (-6330)/(-135)*6 - 2/(-3). Calculate the greatest common factor of z and 36.
6
Let r = -131 - -139. Let g be (9 - 3) + -4 + 2. Calculate the highest common divisor of r and g.
4
Suppose 3*x = 4*t + 4*x - 10, 2*t - 2 = x. Suppose 0 = -t*g + 6 + 4. Suppose 3*o = -g*c + 33, -c + 2 = 4*o + 9. What is the highest common factor of c and 99?
9
Suppose -5*a + 7 = -3*h, 2*a + a = -2*h + 8. Let p be (-1055)/(-15) + -5 + a/(-6). What is the greatest common divisor of 13 and p?
13
Let v(s) = -2*s + 36. Let x be v(-5). Calculate the highest common divisor of 2 and x.
2
Let c(w) = 5*w**2 - 18*w - 18. Let r be c(14). What is the highest common factor of r and 10?
10
Let t be 12/(-42) - (-93)/7. Suppose 4*q - 191 = 173. What is the greatest common factor of q and t?
13
Let u = -822 - -885. Calculate the highest common factor of 1008 and u.
63
Suppose -7*g + 212 + 229 = 0. Let w(r) = -r**3 - r**2 + 5*r + 4. Let c be w(-3). Calculate the greatest common factor of c and g.
7
Let b(t) = t**2 - 5*t - 5. Let p(v) = -2*v**2 + 10*v + 10. Let h(g) = -7*b(g) - 3*p(g). Let a be h(5). Calculate the highest common divisor of 25 and a.
5
Suppose 5*z - 2400 = 3475. Calculate the highest common divisor of z and 25.
25
Suppose 1117 = 4*v + 97. What is the greatest common factor of v and 30?
15
Let q(s) = 3*s**2 - 167*s - 44. Let c be q(56). What is the greatest common divisor of 1356 and c?
12
Let u = 18 - 6. Let a(y) = -17*y - 378. Let d be a(-24). Calculate the highest common factor of u and d.
6
Let c be 1/((-2)/(-239)) - 297/594. What is the highest common divisor of c and 85?
17
Let y = -43 + 84. Suppose 594 = -38*p + y*p. Calculate the highest common divisor of p and 18.
18
Let y = 736 + 1150. Calculate the greatest common factor of 23 and y.
23
Suppose 3*j - 5*j = 4*r - 164, -4*j + 319 = 5*r. What is the greatest common divisor of j and 95?
19
Suppose -4*k = -3*g - 72, -4*k - 6 + 78 = 2*g. Let r = -154 + 298. Calculate the greatest common factor of k and r.
18
Let b = -321 + 323. Calculate the highest common factor of b and 32.
2
Let m(q) = -11*q + 31. Let y be m(-13). Calculate the greatest common divisor of 6 and y.
6
Let l = -338 - -458. What is the highest common divisor of l and 36?
12
Let u = -172 - 142. Let f = u + 467. What is the highest common factor of 17 and f?
17
Let f = 34 + -3. Suppose -2*p + 6*p - f = -3*y, y = 4*p + 5. Calculate the highest common factor of y and 9.
9
Let s(f) = f - 1. Let z(a) = -29*a + 8. Let o be 9/15 + 8/20. Let b(u) = o*z(u) + 5*s(u). Let w be b(-2). Calculate the highest common divisor of 34 and w.
17
Suppose w + 36 = -3*x - 4*w, w - 24 = 2*x. Let c(g) = -2*g + 15. Let o be c(x). Calculate the highest common divisor of 13 and o.
13
Let y = -225 + 373. What is the highest common divisor of 111 and y?
37
Suppose 0 = 6*x - 5*v - 1921, -3*x + 4*v + 12 = -947. What is the greatest common factor of x and 3?
3
Let k(u) = 116*u - 12171. Let o be k(105). Let q be -1*(-1 - 0) - -62. Calculate the highest common divisor of q and o.
9
Suppose 5*p - 19 = 41. Let y(j) = 3*j**2 + 19*j + 40. Let u be y(-4). Calculate the highest common divisor of u and p.
12
Suppose -3*t - 15 = -99. Calculate the greatest common divisor of t and 63.
7
Let y = -10 - -29. Suppose 5*s - c - y = 0, 0*s + 3*c = -5*s + 23. What is the highest common factor of s and 32?
4
Let s(o) = o**2 + 26*o + 84. Let h be s(-26). Calculate the greatest common divisor of h and 196.
28
Let v(a) = -3*a**3 - 3*a**2 + 4*a - 3. Let d be v(-4). Let t be 254/10 + 8/(-20). Calculate the greatest common factor of d and t.
25
Let u(h) = h**3 - 12*h**2 - 11*h - 30. Let d be u(13). Let z be (-94)/d - (-1)/8*4. What is the greatest common divisor of 72 and z?
24
Let l be ((-1)/2)/((-225)/(-1980))*(-1 + -4). Let d(u) = -u**2 + 176. Let x be d(0). Calculate the highest common divisor of l and x.
22
Let r(s) = s + 6. Let q be r(-3). Suppose -4*u + 92 = -4*y, -q*u + 25 = -y - 38. What is the highest common divisor of u and 4?
4
Suppose -17*j + 307 = 3*t - 22*j, -t + 101 = -j. Calculate the greatest common divisor of 9 and t.
9
Suppose -2*b - 1266 = -2*x, -3*x + 0*x - b + 1919 = 0. What is the highest common factor of x and 145?
29
Suppose 36*p - 3 = 37*p, -4*p = -3*b + 2859. Calculate the greatest common factor of 13 and b.
13
Let q be 34*(1/(-4) + (-546)/(-312)). Let l = 130 + -51. Let v = -45 + l. Calculate the greatest common factor of q and v.
17
Let q = 149 - 98. Let a = -32 + q. Calculate the greatest common divisor of 114 and a.
19
Let r be 2 - (1 + -8 + 4). Suppose -4*y - 4*i + 116 = 0, 39 = r*y + i - 86. Calculate the highest common divisor of 16 and y.
8
Let j = -642 - -772. Let o(m) = -m**3 + 11*m**2 + m - 1. Let v be o(11). What is the highest common factor of v and j?
10
Let q(l) = -l**2 - 5*l - 3. Let u be q(-3). Suppose 0 = -r + u - 4. Let m be (210/(-9))/(r/3). What is the greatest common divisor of 28 and m?
14
Suppose 0 = 3*u + 4*d - 214, -4*u - 2*d + 140 = -2*u. What is the greatest common factor of 6 and u?
6
Let v(i) be the third derivative of i**6/120 - i**5/30 - i**4/24 +